{"id":3476,"date":"2023-09-18T20:39:24","date_gmt":"2023-09-18T18:39:24","guid":{"rendered":"https:\/\/debronvanlicht.nl\/?page_id=3476"},"modified":"2026-01-05T10:24:04","modified_gmt":"2026-01-05T09:24:04","slug":"in-voorbereiding-lemurische-zaad-krisstallen","status":"publish","type":"page","link":"https:\/\/debronvanlicht.nl\/index.php\/reacties\/in-voorbereiding-lemurische-zaad-krisstallen\/","title":{"rendered":"Lemurische Zaad Kristallen"},"content":{"rendered":"<p style=\"background: white; text-align: center;\"><em><span style=\"font-size: 14.0pt; color: #605467;\"><span style=\"box-sizing: border-box;\"><strong>Lemuri\u00eb<\/strong>&nbsp;is een oude beschaving voorafgaand aan<br \/>\nen tijdens de tijd van Atlantis.<br \/>\n<\/span><\/span><\/em><em><span style=\"font-size: 14.0pt; color: #605467;\"><span style=\"box-sizing: border-box;\"><a onclick=\"javascript:pageTracker._trackPageview('\/downloads\/wp-content\/uploads\/2023\/09\/lemurie-cr-204x300-1.jpg');\"  href=\"https:\/\/debronvanlicht.nl\/wp-content\/uploads\/2023\/09\/lemurie-cr-204x300-1.jpg\"><img loading=\"lazy\" decoding=\"async\" class=\"alignnone size-full wp-image-3477\" src=\"https:\/\/debronvanlicht.nl\/wp-content\/uploads\/2023\/09\/lemurie-cr-204x300-1.jpg\" alt=\"\" width=\"204\" height=\"300\"><\/a><br \/>\nEr wordt aangenomen dat Lemuri\u00eb grotendeels bestond<br \/>\nin de zuidelijke Stille Oceaan, tussen Noord-Amerika en Azi\u00eb\/ Australi\u00eb.<br \/>\nOorspronkelijk droeg Lemuri\u00eb de naam; \u2018Het land van Mu\u2019 wat \u2018Het Moederland\u2019 betekende.<br \/>\nOp het hoogtepunt was Lemuri\u00eb een zeer spiritueel en hoog ontwikkelde beschaving.<\/span><\/span><\/em><\/p>\n<p style=\"text-align: center;\"><em><span style=\"box-sizing: border-box;\"><span style=\"font-size: 14.0pt; color: #605467;\">De Lemurische priesters waren in staat zich te verbinden met de Lemurische&nbsp;<strong>Zaad Kristallen<\/strong>.<br \/>\nDeze kristallen werden gebruikt om bruggen en huizen te bouwen en zelfs om warm water te maken. Sommige van de kristallen werden ook gebruikt als gereedschap, andere werden gebruikt om te helpen bij spirituele genezing en andere werden gebruikt voor ontbinding van karmische banden en zijn nog steeds belangrijk voor mensen met een voormalige Lemurische incarnatie en met een aantal<br \/>\nkarmische Lemurische banden.<\/span><\/span><\/em><\/p>\n<p style=\"text-align: center;\"><em><span style=\"box-sizing: border-box;\"><span style=\"font-size: 14.0pt; color: #605467;\">De&nbsp;<strong>symbolen<\/strong>&nbsp;in dit systeem bevatten de spirituele essentie van een aantal van deze kristallen.<\/span><\/span><\/em><\/p>\n<p style=\"text-align: center;\"><em><span style=\"box-sizing: border-box;\"><span style=\"font-size: 14.0pt; color: #605467;\">De Lemurische Zaad Kristallen worden gebruikt als instrumenten voor genezing<br \/>\nen ook voor het verlichten van karma. Tevens helpen ze omhet lichtlichaam te ontwikkelen.<\/span><\/span><\/em><\/p>\n<p style=\"text-align: center;\"><em><span style=\"box-sizing: border-box;\"><span style=\"font-size: 14.0pt; color: #605467;\">De afstemmingen geven je toegang tot de energie\u00ebn van Lemuri\u00eb<br \/>\nen de kristallen voor&nbsp;<strong>healing<\/strong>&nbsp;en&nbsp;<strong>spirituele groei.<\/strong><\/span><\/span><\/em><\/p>\n<p style=\"text-align: center;\"><strong><em><span style=\"box-sizing: border-box;\"><span style=\"font-size: 14.0pt; color: #605467;\">De Lemurian Seed Crystals zijn onderverdeeld in 4 levels<\/span><\/span><\/em><\/strong><\/p>\n<p><em><span style=\"box-sizing: border-box;\"><strong><span style=\"font-size: 14.0pt; color: #605467;\">Lemurian Seed Crystals 1<br \/>\n<\/span><\/strong><\/span><\/em><em><span style=\"box-sizing: border-box;\"><span style=\"font-size: 14.0pt; color: #605467;\">Met deze inwijding ontvang je 6 symbolen van de Lemurische Zaad Kristallen. Het zijn meditatie- en healingsymbolen om de ontwikkeling van het&nbsp;<strong>lichtlichaam<\/strong>&nbsp;(Merkaba) te bevorderen en de ziel te verenigen.<\/span><\/span><\/em><\/p>\n<p><em><span style=\"box-sizing: border-box;\"><strong><span style=\"font-size: 14.0pt; color: #605467;\">Lemurian Seed Crystals 2<br \/>\n<\/span><\/strong><\/span><\/em><em><span style=\"box-sizing: border-box;\"><span style=\"font-size: 14.0pt; color: #605467;\">Met deze inwijding ontvang je 7 nieuwe symbolen van de Lemurische Zaad Kristallen. Deze zijn een uitbreiding van de oorspronkelijke Lemurische Zaad Kristallen. Het zwaartepunt van deze 7 kristallen ligt in de verbinding met Hogere Zelf en de opening van het Derde Oog.<\/span><\/span><\/em><\/p>\n<p><em><span style=\"box-sizing: border-box;\"><strong><span style=\"font-size: 14.0pt; color: #605467;\">Lemurian Seed Crystals 3<br \/>\n<\/span><\/strong><\/span><\/em><em><span style=\"box-sizing: border-box;\"><span style=\"font-size: 14.0pt; color: #605467;\">Deze 3 Lemurische Zaad Kristallen kun je ook Lemurische werktuigen noemen. Alle Zaad Kristallen moeten meer dan een keer gebruikt worden. Zij zijn voor jou bestemd, wanneer je werkelijk aan jezelf werken wil. En natuurlijk ook voor diegenen die andere mensen helpen.<\/span><\/span><\/em><\/p>\n<p><em><span style=\"box-sizing: border-box;\"><strong><span style=\"font-size: 14.0pt; color: #605467;\">Lemurian Seed Crystals 4<br \/>\n<\/span><\/strong><\/span><\/em><em><span style=\"box-sizing: border-box;\"><span style=\"font-size: 14.0pt; color: #605467;\">Met deze inwijding ontvang je 7 symbolen als vierde deel Lemurische Zaadkristallen van de Lemurische Wijzen, onze Pleiadische vrienden, de Deva`s die de beschermers zijn van de Lemurische Kristalenergie.<\/span><\/span><\/em><\/p>\n<p style=\"text-align: center;\"><em><span style=\"box-sizing: border-box;\"><span style=\"font-size: 14.0pt; color: gray;\">T<\/span><\/span><span style=\"box-sizing: border-box;\"><span style=\"font-size: 14.0pt; color: gray;\">ussen de inwijdingen horen ongeveer 5 dagen te zitten om aan de energie te wennen en ermee te werken.<br \/>\nIk raad echter aan om 1x per 4 weken een inwijding te ondergaan zodat de integratie<\/span><\/span><\/em><em><span style=\"box-sizing: border-box;\"><span style=\"font-size: 14.0pt; color: gray;\"> in jezelf<br \/>\ndan veel optimaler is in je energieveld.<\/span><\/span><\/em><\/p>\n<p style=\"text-align: center;\"><em><span style=\"box-sizing: border-box;\"><strong><span style=\"font-size: 14.0pt; color: #574e4e;\"><span style=\"color: #ff00ff;\">Vereist: Lemurian Facilitator<\/span><\/span><\/strong><\/span><\/em><\/p>\n<p style=\"text-align: center;\"><em><span style=\"box-sizing: border-box;\"><strong><span style=\"font-size: 14.0pt; color: #574e4e;\">Wat ontvang je:<\/span><\/strong><\/span><span style=\"font-size: 11.5pt; font-family: 'Trebuchet MS',sans-serif; color: #605467;\"><br \/>\n<\/span><span style=\"font-size: 14.0pt; color: gray;\"><span style=\"box-sizing: border-box;\">4 inwijdingen<\/span><\/span><span style=\"font-size: 11.5pt; font-family: 'Trebuchet MS',sans-serif; color: #605467;\"><br \/>\n<\/span><span style=\"font-size: 14.0pt; color: gray;\"><span style=\"box-sizing: border-box;\">&nbsp;Handleidingen<\/span><\/span><span style=\"font-size: 11.5pt; font-family: 'Trebuchet MS',sans-serif; color: #605467;\"><br \/>\n<\/span><span style=\"font-size: 14.0pt; color: gray;\"><span style=\"box-sizing: border-box;\">Symbolen<\/span><\/span><span style=\"font-size: 11.5pt; font-family: 'Trebuchet MS',sans-serif; color: #605467;\"><br \/>\n<\/span><span style=\"font-size: 14.0pt; color: gray;\"><span style=\"box-sizing: border-box;\">Certificaat<\/span><\/span><\/em><\/p>\n<p style=\"text-align: center;\"><em><span style=\"box-sizing: border-box;\"><span style=\"font-size: 14.0pt; color: gray;\">En je kunt deze prachtige inwijdingen doorgeven aan anderen!<\/span><\/span><\/em><\/p>\n<p style=\"text-align: center;\"><em><span style=\"color: #339966;\"><b>Investering<\/b><\/span><br \/>\n<\/em><span style=\"color: #339966;\"><strong><em>\u20ac 44,- per inwijdings sessie,<\/em><\/strong><\/span><br \/>\n<span style=\"color: #339966;\"><strong><em>inclusief certificaat en informatie om de inwijding zelf door te geven.<\/em><\/strong><\/span><\/p>\n<p style=\"text-align: center;\"><em><strong>Inschrijven en\/of informatie,<br \/>\nmail naar; info@debronvanlicht.nl<\/strong><\/em><br \/>\n<em><strong>of<\/strong><\/em><br \/>\n<em><strong>tel. 0181639497<\/strong><\/em><\/p>\n<p style=\"text-align: center;\"><em>\u00a9 2006 \u2013 2026 Spiritueel Centrum \u201cDe Bron van Licht\u201d V.o.f.<br \/>\nKersengaard 62 Spijkenisse<br \/>\n<\/em><\/p>\n<p style=\"text-align: center;\"><em><span style=\"box-sizing: border-box;\"><span style=\"font-size: 14.0pt; color: gray;\">&nbsp;<\/span><\/span><\/em><\/p>\n","protected":false},"excerpt":{"rendered":"<p>Lemuri\u00eb&nbsp;is een oude beschaving voorafgaand aan en tijdens de tijd van Atlantis. Er wordt aangenomen dat Lemuri\u00eb grotendeels bestond in de zuidelijke Stille Oceaan, tussen Noord-Amerika en Azi\u00eb\/ Australi\u00eb. Oorspronkelijk <a class=\"more-link\" href=\"https:\/\/debronvanlicht.nl\/index.php\/reacties\/in-voorbereiding-lemurische-zaad-krisstallen\/\">Continue Reading \u2192<\/a><\/p>\n","protected":false},"author":4,"featured_media":0,"parent":2463,"menu_order":2,"comment_status":"closed","ping_status":"closed","template":"","meta":{"ngg_post_thumbnail":0,"footnotes":""},"class_list":["post-3476","page","type-page","status-publish","hentry"],"yoast_head":"<!-- This site is optimized with the Yoast SEO plugin v27.6 - https:\/\/yoast.com\/product\/yoast-seo-wordpress\/ -->\n<title>Lemurische Zaad Kristallen - Spiritueel Centrum &quot;De Bron van Licht&quot; V.o.f.<\/title>\n<meta name=\"robots\" content=\"index, follow, max-snippet:-1, max-image-preview:large, max-video-preview:-1\" \/>\n<link rel=\"canonical\" href=\"https:\/\/debronvanlicht.nl\/index.php\/reacties\/in-voorbereiding-lemurische-zaad-krisstallen\/\" \/>\n<meta property=\"og:locale\" content=\"nl_NL\" \/>\n<meta property=\"og:type\" content=\"article\" \/>\n<meta property=\"og:title\" content=\"Lemurische Zaad Kristallen - Spiritueel Centrum &quot;De Bron van Licht&quot; V.o.f.\" \/>\n<meta property=\"og:description\" content=\"Lemuri\u00eb&nbsp;is een oude beschaving voorafgaand aan en tijdens de tijd van Atlantis. Er wordt aangenomen dat Lemuri\u00eb grotendeels bestond in de zuidelijke Stille Oceaan, tussen Noord-Amerika en Azi\u00eb\/ Australi\u00eb. Oorspronkelijk Continue Reading \u2192\" \/>\n<meta property=\"og:url\" content=\"https:\/\/debronvanlicht.nl\/index.php\/reacties\/in-voorbereiding-lemurische-zaad-krisstallen\/\" \/>\n<meta property=\"og:site_name\" content=\"Spiritueel Centrum &quot;De Bron van Licht&quot; V.o.f.\" \/>\n<meta property=\"article:publisher\" content=\"https:\/\/nl-nl.facebook.com\/debronvanlicht\" \/>\n<meta property=\"article:modified_time\" content=\"2026-01-05T09:24:04+00:00\" \/>\n<meta property=\"og:image\" content=\"https:\/\/debronvanlicht.nl\/wp-content\/uploads\/2023\/09\/lemurie-cr-204x300-1.jpg\" \/>\n\t<meta property=\"og:image:width\" content=\"204\" \/>\n\t<meta property=\"og:image:height\" content=\"300\" \/>\n\t<meta property=\"og:image:type\" content=\"image\/jpeg\" \/>\n<meta name=\"twitter:label1\" content=\"Geschatte leestijd\" \/>\n\t<meta name=\"twitter:data1\" content=\"3 minuten\" \/>\n<script type=\"application\/ld+json\" class=\"yoast-schema-graph\">{\"@context\":\"https:\\\/\\\/schema.org\",\"@graph\":[{\"@type\":\"WebPage\",\"@id\":\"https:\\\/\\\/debronvanlicht.nl\\\/index.php\\\/reacties\\\/in-voorbereiding-lemurische-zaad-krisstallen\\\/\",\"url\":\"https:\\\/\\\/debronvanlicht.nl\\\/index.php\\\/reacties\\\/in-voorbereiding-lemurische-zaad-krisstallen\\\/\",\"name\":\"Lemurische Zaad Kristallen - Spiritueel Centrum &quot;De Bron van Licht&quot; V.o.f.\",\"isPartOf\":{\"@id\":\"https:\\\/\\\/debronvanlicht.nl\\\/#website\"},\"primaryImageOfPage\":{\"@id\":\"https:\\\/\\\/debronvanlicht.nl\\\/index.php\\\/reacties\\\/in-voorbereiding-lemurische-zaad-krisstallen\\\/#primaryimage\"},\"image\":{\"@id\":\"https:\\\/\\\/debronvanlicht.nl\\\/index.php\\\/reacties\\\/in-voorbereiding-lemurische-zaad-krisstallen\\\/#primaryimage\"},\"thumbnailUrl\":\"https:\\\/\\\/debronvanlicht.nl\\\/wp-content\\\/uploads\\\/2023\\\/09\\\/lemurie-cr-204x300-1.jpg\",\"datePublished\":\"2023-09-18T18:39:24+00:00\",\"dateModified\":\"2026-01-05T09:24:04+00:00\",\"breadcrumb\":{\"@id\":\"https:\\\/\\\/debronvanlicht.nl\\\/index.php\\\/reacties\\\/in-voorbereiding-lemurische-zaad-krisstallen\\\/#breadcrumb\"},\"inLanguage\":\"nl-NL\",\"potentialAction\":[{\"@type\":\"ReadAction\",\"target\":[\"https:\\\/\\\/debronvanlicht.nl\\\/index.php\\\/reacties\\\/in-voorbereiding-lemurische-zaad-krisstallen\\\/\"]}]},{\"@type\":\"ImageObject\",\"inLanguage\":\"nl-NL\",\"@id\":\"https:\\\/\\\/debronvanlicht.nl\\\/index.php\\\/reacties\\\/in-voorbereiding-lemurische-zaad-krisstallen\\\/#primaryimage\",\"url\":\"https:\\\/\\\/debronvanlicht.nl\\\/wp-content\\\/uploads\\\/2023\\\/09\\\/lemurie-cr-204x300-1.jpg\",\"contentUrl\":\"https:\\\/\\\/debronvanlicht.nl\\\/wp-content\\\/uploads\\\/2023\\\/09\\\/lemurie-cr-204x300-1.jpg\",\"width\":204,\"height\":300},{\"@type\":\"BreadcrumbList\",\"@id\":\"https:\\\/\\\/debronvanlicht.nl\\\/index.php\\\/reacties\\\/in-voorbereiding-lemurische-zaad-krisstallen\\\/#breadcrumb\",\"itemListElement\":[{\"@type\":\"ListItem\",\"position\":1,\"name\":\"Home\",\"item\":\"https:\\\/\\\/debronvanlicht.nl\\\/\"},{\"@type\":\"ListItem\",\"position\":2,\"name\":\"Afstandsinwijdingen\",\"item\":\"https:\\\/\\\/debronvanlicht.nl\\\/index.php\\\/reacties\\\/\"},{\"@type\":\"ListItem\",\"position\":3,\"name\":\"Lemurische Zaad Kristallen\"}]},{\"@type\":\"WebSite\",\"@id\":\"https:\\\/\\\/debronvanlicht.nl\\\/#website\",\"url\":\"https:\\\/\\\/debronvanlicht.nl\\\/\",\"name\":\"De Bron van Licht\",\"description\":\"&quot;Praktijk voor alternatieve \\\/ spirituele geneeswijze&quot; Kersengaard 62 in Spijkenisse 0181639497\",\"potentialAction\":[{\"@type\":\"SearchAction\",\"target\":{\"@type\":\"EntryPoint\",\"urlTemplate\":\"https:\\\/\\\/debronvanlicht.nl\\\/?s={search_term_string}\"},\"query-input\":{\"@type\":\"PropertyValueSpecification\",\"valueRequired\":true,\"valueName\":\"search_term_string\"}}],\"inLanguage\":\"nl-NL\"}]}<\/script>\n<!-- \/ Yoast SEO plugin. -->","yoast_head_json":{"title":"Lemurische Zaad Kristallen - Spiritueel Centrum &quot;De Bron van Licht&quot; V.o.f.","robots":{"index":"index","follow":"follow","max-snippet":"max-snippet:-1","max-image-preview":"max-image-preview:large","max-video-preview":"max-video-preview:-1"},"canonical":"https:\/\/debronvanlicht.nl\/index.php\/reacties\/in-voorbereiding-lemurische-zaad-krisstallen\/","og_locale":"nl_NL","og_type":"article","og_title":"Lemurische Zaad Kristallen - Spiritueel Centrum &quot;De Bron van Licht&quot; V.o.f.","og_description":"Lemuri\u00eb&nbsp;is een oude beschaving voorafgaand aan en tijdens de tijd van Atlantis. Er wordt aangenomen dat Lemuri\u00eb grotendeels bestond in de zuidelijke Stille Oceaan, tussen Noord-Amerika en Azi\u00eb\/ Australi\u00eb. Oorspronkelijk Continue Reading \u2192","og_url":"https:\/\/debronvanlicht.nl\/index.php\/reacties\/in-voorbereiding-lemurische-zaad-krisstallen\/","og_site_name":"Spiritueel Centrum &quot;De Bron van Licht&quot; V.o.f.","article_publisher":"https:\/\/nl-nl.facebook.com\/debronvanlicht","article_modified_time":"2026-01-05T09:24:04+00:00","og_image":[{"width":204,"height":300,"url":"https:\/\/debronvanlicht.nl\/wp-content\/uploads\/2023\/09\/lemurie-cr-204x300-1.jpg","type":"image\/jpeg"}],"twitter_misc":{"Geschatte leestijd":"3 minuten"},"schema":{"@context":"https:\/\/schema.org","@graph":[{"@type":"WebPage","@id":"https:\/\/debronvanlicht.nl\/index.php\/reacties\/in-voorbereiding-lemurische-zaad-krisstallen\/","url":"https:\/\/debronvanlicht.nl\/index.php\/reacties\/in-voorbereiding-lemurische-zaad-krisstallen\/","name":"Lemurische Zaad Kristallen - Spiritueel Centrum &quot;De Bron van Licht&quot; V.o.f.","isPartOf":{"@id":"https:\/\/debronvanlicht.nl\/#website"},"primaryImageOfPage":{"@id":"https:\/\/debronvanlicht.nl\/index.php\/reacties\/in-voorbereiding-lemurische-zaad-krisstallen\/#primaryimage"},"image":{"@id":"https:\/\/debronvanlicht.nl\/index.php\/reacties\/in-voorbereiding-lemurische-zaad-krisstallen\/#primaryimage"},"thumbnailUrl":"https:\/\/debronvanlicht.nl\/wp-content\/uploads\/2023\/09\/lemurie-cr-204x300-1.jpg","datePublished":"2023-09-18T18:39:24+00:00","dateModified":"2026-01-05T09:24:04+00:00","breadcrumb":{"@id":"https:\/\/debronvanlicht.nl\/index.php\/reacties\/in-voorbereiding-lemurische-zaad-krisstallen\/#breadcrumb"},"inLanguage":"nl-NL","potentialAction":[{"@type":"ReadAction","target":["https:\/\/debronvanlicht.nl\/index.php\/reacties\/in-voorbereiding-lemurische-zaad-krisstallen\/"]}]},{"@type":"ImageObject","inLanguage":"nl-NL","@id":"https:\/\/debronvanlicht.nl\/index.php\/reacties\/in-voorbereiding-lemurische-zaad-krisstallen\/#primaryimage","url":"https:\/\/debronvanlicht.nl\/wp-content\/uploads\/2023\/09\/lemurie-cr-204x300-1.jpg","contentUrl":"https:\/\/debronvanlicht.nl\/wp-content\/uploads\/2023\/09\/lemurie-cr-204x300-1.jpg","width":204,"height":300},{"@type":"BreadcrumbList","@id":"https:\/\/debronvanlicht.nl\/index.php\/reacties\/in-voorbereiding-lemurische-zaad-krisstallen\/#breadcrumb","itemListElement":[{"@type":"ListItem","position":1,"name":"Home","item":"https:\/\/debronvanlicht.nl\/"},{"@type":"ListItem","position":2,"name":"Afstandsinwijdingen","item":"https:\/\/debronvanlicht.nl\/index.php\/reacties\/"},{"@type":"ListItem","position":3,"name":"Lemurische Zaad Kristallen"}]},{"@type":"WebSite","@id":"https:\/\/debronvanlicht.nl\/#website","url":"https:\/\/debronvanlicht.nl\/","name":"De Bron van Licht","description":"&quot;Praktijk voor alternatieve \/ spirituele geneeswijze&quot; Kersengaard 62 in Spijkenisse 0181639497","potentialAction":[{"@type":"SearchAction","target":{"@type":"EntryPoint","urlTemplate":"https:\/\/debronvanlicht.nl\/?s={search_term_string}"},"query-input":{"@type":"PropertyValueSpecification","valueRequired":true,"valueName":"search_term_string"}}],"inLanguage":"nl-NL"}]}},"_links":{"self":[{"href":"https:\/\/debronvanlicht.nl\/index.php\/wp-json\/wp\/v2\/pages\/3476","targetHints":{"allow":["GET"]}}],"collection":[{"href":"https:\/\/debronvanlicht.nl\/index.php\/wp-json\/wp\/v2\/pages"}],"about":[{"href":"https:\/\/debronvanlicht.nl\/index.php\/wp-json\/wp\/v2\/types\/page"}],"author":[{"embeddable":true,"href":"https:\/\/debronvanlicht.nl\/index.php\/wp-json\/wp\/v2\/users\/4"}],"replies":[{"embeddable":true,"href":"https:\/\/debronvanlicht.nl\/index.php\/wp-json\/wp\/v2\/comments?post=3476"}],"version-history":[{"count":18,"href":"https:\/\/debronvanlicht.nl\/index.php\/wp-json\/wp\/v2\/pages\/3476\/revisions"}],"predecessor-version":[{"id":3966,"href":"https:\/\/debronvanlicht.nl\/index.php\/wp-json\/wp\/v2\/pages\/3476\/revisions\/3966"}],"up":[{"embeddable":true,"href":"https:\/\/debronvanlicht.nl\/index.php\/wp-json\/wp\/v2\/pages\/2463"}],"wp:attachment":[{"href":"https:\/\/debronvanlicht.nl\/index.php\/wp-json\/wp\/v2\/media?parent=3476"}],"curies":[{"name":"wp","href":"https:\/\/api.w.org\/{rel}","templated":true}]}}