{"id":2216,"date":"2018-11-09T19:16:29","date_gmt":"2018-11-09T18:16:29","guid":{"rendered":"https:\/\/debronvanlicht.nl\/?page_id=2216"},"modified":"2026-01-05T10:10:02","modified_gmt":"2026-01-05T09:10:02","slug":"munay-ki","status":"publish","type":"page","link":"https:\/\/debronvanlicht.nl\/index.php\/inwijdingen\/munay-ki\/","title":{"rendered":"Munay Ki"},"content":{"rendered":"<p style=\"text-align: center;\"><em><strong><br \/>\n&nbsp; &nbsp; &nbsp; &nbsp; &nbsp; &nbsp; &nbsp; &nbsp; &nbsp; &nbsp; &nbsp; &nbsp; &nbsp; &nbsp; &nbsp; &nbsp; &nbsp; &nbsp; &nbsp; &nbsp; &nbsp; &nbsp; &nbsp; &nbsp; &nbsp; &nbsp; &nbsp; Een geschenk van de Inca\u2019s&#8230;aan jezelf<\/strong><\/em><\/p>\n<p><img loading=\"lazy\" decoding=\"async\" class=\" wp-image-1763 alignleft\" src=\"https:\/\/debronvanlicht.nl\/wp-content\/uploads\/2017\/09\/ouero.png\" alt=\"\" width=\"219\" height=\"150\"><\/p>\n<p style=\"text-align: center;\"><span style=\"font-size: 16px; font-weight: 300;\">Munay betekent &#8220;Liefdeskracht&#8221; en <\/span><em>Ki betekent &#8220;Kracht\/Energie&#8221;<br \/>\n<\/em><em>Munay Ki betekent &#8220;Ik hou van je&#8221; <\/em><br \/>\n<em>of <\/em><br \/>\n<em>&#8220;Ik hou van je vanuit het aller diepste van mijn hart&#8221; <\/em><br \/>\n<em>of <\/em><br \/>\n<em>&#8220;Wees zoals je bent&#8221;<\/em><\/p>\n<p>&nbsp;<\/p>\n<p style=\"text-align: center;\"><em><strong>&#8220;Vergeet alles, en op datzelfde moment zul je weten wat blijvend is&#8221;.<\/strong><\/em><br \/>\n<em><strong>Ook jij kan je leven verrijken&nbsp;<\/strong><\/em><\/p>\n<p style=\"text-align: center;\"><em>* voert je voorbij de illusie van afscheiding<\/em><br \/>\n<em>* herstelt de verbinding met je innerlijke kracht<\/em><\/p>\n<p style=\"text-align: center;\"><em>* het maakt dat je volledig in je kracht komt te staan.<\/em><br \/>\n<em>Je kracht om je dromen te kunnen cre\u00ebren<\/em><br \/>\n<em>en te manifesteren in deze wereld.<\/em><br \/>\n<em>* de Munay ki geeft een enorme liefdeskracht voor jezelf<\/em><br \/>\n<em>en de wereld om je heen.<\/em><\/p>\n<p style=\"text-align: center;\"><em>* door een verschuiving van perceptie leer je veranderingen<\/em><br \/>\n<em>te laten plaatsvinden via je hart. Simpel door je hart <\/em><br \/>\n<em>echt te openen, voor jezelf, voor de ander en voor het <\/em><br \/>\n<em>grotere geheel, door het verkrijgen van een hoger <\/em><br \/>\n<em>bewustzijn en door verbindingen te maken en te delen.<\/em><\/p>\n<p style=\"text-align: center;\"><em>* het belooft een versnelde transformatie naar hoger bewustzijn.<\/em><br \/>\n<i>* geeft praktische gereedschappen om de Nieuwe Tijd in praktijk<br \/>\nte brengen.<\/i> <i>De tijd die begint waar je hier en nu bent,<br \/>\nin je dagelijks leven.<\/i><\/p>\n<p style=\"text-align: center;\"><em>* de inwijdingen geven je de wijsheid en de kracht om<\/em><br \/>\n<em>je verantwoordelijkheid te accepteren voor alle schepping.<\/em><br \/>\n<em>* de Munay ki is het Inca pad naar verlichting en wereldvrede.<\/em><\/p>\n<p style=\"text-align: center;\"><em><strong>Voor wie zijn deze inwijdingen? Voor mensen zoals jij en ik die graag in vrede, schoonheid en bewustzijn willen leven.<br \/>\nZo kunnen we samen het Pad van de Inca lopen en in harmonie leven met elkaar en alles wat op de aarde is.&nbsp;<\/strong><\/em><\/p>\n<p><em><strong>Inhoud van deze mooie inwijdingen<\/strong><\/em><\/p>\n<p><em><strong>Het eerste ritueel&#8230;..<\/strong>is het ritueel van de Genezer dat je verbindt met een afstamming van de bewakers van de aarde uit het verleden, die je komen bijstaan in jouw persoonlijke genezing.&nbsp;<\/em><em>De Laika\u2019s weten dat er geweldige spirituele hulp beschikbaar is voor ons.&nbsp;<\/em><em>Deze Lichtwezens werken aan ons als we mediteren en als we slapen, om de wonden van ons verleden en van onze voorouders te helen.&nbsp;<\/em><em>De helende kracht van je handen ontwaakt, zodat je deze kunt gebruiken om jezelf (en nadat je de 9e rite hebt ontvangen) anderen te helen.<\/em><\/p>\n<p><em><strong>Het tweede ritueel&#8230;..<\/strong>bestaat uit beschermingen die ge\u00efnstalleerd worden in <\/em><em>je Lichtend Energieveld.&nbsp;<\/em><em>Deze staan bekend als de Banden van Kracht en zijn opgebouwd uit vijf energetische banden die aarde, lucht, vuur, water en zuiver licht vertegenwoordigen.&nbsp;<\/em><em>Deze banden worden in je Lichtend Energieveld ge\u00efnstalleerd en werken als filters, die alle naar je toekomende negatieve energie\u00ebn afbreken in \u00e9\u00e9n van de vijf elementen, zodat deze energie\u00ebn je kunnen voeden in plaats van je vergiftigen of ziek maken.&nbsp;<\/em><em>De Banden van Kracht staan altijd \u201cingeschakeld\u201d en ketsen alle negatieve energie\u00ebn af.&nbsp;<\/em><em>In een wereld die vervuld is van angst bieden de banden essenti\u00eble bescherming. Het duurt twee a drie weken eer deze bescherming werkt.<\/em><\/p>\n<p><em><strong>Het derde ritueel&#8230;..<\/strong>is het <strong>ritueel van de Harmonie<\/strong> waarin je zeven archetypes <\/em><em>ontvangt in je chakra\u2019s.&nbsp;<\/em><em>In de eerste chakra ontvang je het archetype van de slang, jaguar in de tweede, kolibrie in de derde en adelaar in de vierde.&nbsp;<\/em><em>Daarna gaan er drie \u201caartsengelen\u201d in je bovenste drie chakra\u2019s. Huascar Inca, de hoeder van de onderwereld en het onderbewuste wordt overgebracht naar de vijfde chakra. <\/em><em>Quetzalcoatl, de gevederde slang \u201cGod van Amerika\u201d en hoeder van de middenwereld (onze wakende wereld) komt in de zesde chakra; Pachacuti, de beschermer van de bovenwereld (ons super bewustzijn) en hoeder van de tijd komt in de zevende chakra. Deze archetypes worden overgebracht in je chakra\u2019s als zaden. Deze zaden ontkiemen met vuur en je zal een aantal vuurmeditaties moeten uitvoeren om ze te laten ontwaken en helpen groeien. Daarna zullen ze je helpen de psychische modder die in je chakra\u2019s is opgebouwd te verteren, zodat je chakra\u2019s kunnen stralen met hun oorspronkelijke licht en je een regenboog lichaam verkrijgt.&nbsp;<\/em><em>Deze rite helpt je om je verleden af te schudden, zoals een slang haar huid afschudt.<\/em><\/p>\n<p><em><strong>Het vierde ritueel&#8230;..<\/strong>is het <strong>ritueel van de Ziener.<\/strong>&nbsp;<\/em><em>Dit ritueel installeert vezels van licht van je visuele cortex in de achterkant van je hoofd naar je derde oog en hartchakra.&nbsp;<\/em><em>Deze initiatie ontwaakt je mogelijkheid om de onzichtbare wereld waar te nemen.&nbsp;<\/em><em>Veel mensen merken dat ze een paar maanden na het ontvangen van het ritueel van de Ziener in staat zijn de energiewereld om zich heen waar te nemen.<\/em><\/p>\n<p><em><strong>Het vijfde ritueel&#8230;..<\/strong>is het <strong>ritueel van de Hoeder van de Dag.<\/strong>&nbsp;<\/em><em>De Hoeders van de Dag zijn de meesters van de stenen altaren uit de oudheid, gevonden in heilige plaatsen over de wereld, van Stonehenge tot Machu Picchu.&nbsp;<\/em><em>De Hoeders van de Dag zijn in staat de kracht van deze altaren aan te roepen om genezing en evenwicht in de wereld te brengen.&nbsp;<\/em><em>Dit ritueel is een energetische transmissie die je verbindt met de afstamming van de Laika\u2019s uit het verleden.&nbsp;<\/em><em>Volgens de overleveringen roepen de Hoeders van de Dag de zon aan om op te komen en onder te gaan, zorgden zij ervoor dat de mensen in harmonie met moeder aarde leefden en vereerden zij het vrouwelijke.&nbsp;<\/em><em>De Hoeders van de Dag waren de vroedvrouwen die bij geboortes en overlijden aanwezig waren, net als de kruidengenezers of sjamanen (curanderas). Het waren over het algemeen vrouwen die kennis hadden over de vrouwelijke aarde.&nbsp;<\/em><em>Deze initiatie zet het proces van de genezing van je innerlijke vrouwelijkheid in gang en helpt je over angsten heen te stappen en vrede uit te dragen.<\/em><\/p>\n<p><em><strong>Het zesde ritueel&#8230;..<\/strong>is het <strong>ritueel van de Hoeder van de Wijsheid.&nbsp;<\/strong><\/em><em>De legendes zeggen dat de oude wijsheid zich in de hoge bergen bevindt. De met ijs overdekte bergen werden vereerd als krachtplaatsen, van de berg Sina\u00ef tot de berg Fuji en Olympus. Zij werden vereerd als plaatsen waar de mens het goddelijke ontmoette.&nbsp;<\/em><em>De afstamming van de Hoeders van de Wijsheid zijn de medicijnmannen en \u2013 vrouwen uit het verleden die de dood hebben overwonnen en buiten de tijd zijn gestapt.&nbsp;<\/em><em>De taak van de Hoeder van de Wijsheid is om de geneeskundige leer te beschermen en waar nodig met anderen te delen. Dit ritueel helpt je om buiten de tijd te stappen en de oneindigheid te proeven.<\/em><\/p>\n<p><em><strong>Het zevende ritueel&#8230;..<\/strong>is het <strong>ritueel van de Hoeder van de Aarde.&nbsp;<\/strong><\/em><em>Dit ritueel verbindt je met een afstamming van aartsengelen die de hoeders van ons melkwegstelsel zijn. Ze hebben de reputatie een menselijke vorm te hebben en zo groot <\/em><em>als bomen te zijn.&nbsp;<\/em><em>De Hoeders van de Aarde, die de rentmeesters van alle leven op aarde zijn, staan onder de rechtstreekse bescherming van deze aartsengelen en kunnen wanneer nodig hun krachten oproepen om healing en balans te brengen in elke willekeurige situatie.&nbsp;<\/em><em>Het ritueel van de Hoeders van de Aarde helpt je bij het aanleren van de methodes van de ziener en bij het dromen van de wereld in wording.<\/em><\/p>\n<p><em><strong>Het achtste ritueel&#8230;..<\/strong>is het <strong>ritueel van de Hoeder van de Sterren.&nbsp;<\/strong><\/em><em>Dit ritueel verankert je op een veilige manier aan de tijd na de grote verandering, waarvan gezegd wordt dat deze plaats zal vinden rond het jaar 2012. Volgens de overlevering begint jouw fysieke lichaam na het ontvangen van dit ritueel zich te ontwikkelen tot dat van de Homo Luminous. Het verouderingsproces wordt vertraagt en wordt immuun tegen ziektes waar je eerst vatbaar voor was. Wanneer je dit ritueel ontvangt, verkrijg je rentmeesterschap over de tijd die komen gaat en over alle toekomstige generaties.<\/em><\/p>\n<p><em><strong>Het negende ritueel,<\/strong>&nbsp;is het <strong>ritueel van Schepper.&nbsp;<\/strong><\/em><em>Wanneer je deze inwijding ontvangt, ontwaakt het Goddelijk Licht in je. Je ontvangt rentmeesterschap over de gehele schepping, van het kleinste zandkorreltje tot de grootste groep van melkwegstelsels in het heelal.&nbsp;<\/em><em>Dit ritueel is nooit eerder op onze planeet beschikbaar geweest. Hoewel enkele dit niveau van initiatie bereikten en hun Christus \u2013 of Boeddha bewustzijn hebben wakker gemaakt, is het tot op heden nooit eerder mogelijk geweest om dit ritueel van persoon tot persoon door te geven.&nbsp;<\/em><em>Met andere woorden, een overdracht van Spirit tot mens heeft zich wel eens voorgedaan, terwijl voorheen transmissies van mens tot mens niet mogelijk waren. Het ritueel van de Schepper werd voortgebracht en aan ons geschonken door oude, wijze Inca\u2019s uit de Andes.&nbsp;<\/em><em>Dit vond plaats in de zomer van 2006.&nbsp;<\/em><em>Bij het negende ritueel ontvang je je eigen pi- steen. Deze draagt de energie van de pi- steen van jouw inwijder, omdat ze bij elkaar zijn bewaard en liefde en aandacht hebben ontvangen.&nbsp;<\/em><em>Je kunt deze steen een tijdje bij je dragen als je dat wilt (niet om je hals open en bloot i.v.m. energie\u00ebn van buitenaf) en gebruik hem daarna ook om energie over te dragen naar de stenen van jouw inwijdelingen.<\/em><\/p>\n<p><em><strong>Initiatie van de Princes&#8230;..<\/strong><\/em><strong><em>\u00d1usta Karpay. <\/em><\/strong><em>Het is het vrouwelijke principe van de schepping.&nbsp;<\/em><\/p>\n<p style=\"text-align: center;\"><span style=\"color: #339966;\"><strong><em>Investering<br \/>\n9 riten incl. lunch, certificaat, handboek, pi stone<\/em><\/strong><\/span><br \/>\n<span style=\"color: #339966;\"><strong><em>2 dagen x \u20ac 111,- of \u20ac 222,- in ene te voldoen.<\/em><\/strong><\/span><\/p>\n<p style=\"text-align: center;\"><em><strong>Inschrijven en\/of informatie,<br \/>\nmail naar info@debronvanlicht.nl<\/strong><\/em><br \/>\n<em><strong>of<\/strong><\/em><br \/>\n<em><strong>tel. 0181639497<\/strong><\/em><\/p>\n<p style=\"text-align: center;\"><em>\u00a9 2006 \u2013 2026 Spiritueel Centrum \u201cDe Bron van Licht\u201d V.o.f.<br \/>\nKersengaard 62 Spijkenisse<br \/>\n<\/em><\/p>\n<p><strong>&nbsp;<\/strong><\/p>\n","protected":false},"excerpt":{"rendered":"<p>&nbsp; &nbsp; &nbsp; &nbsp; &nbsp; &nbsp; &nbsp; &nbsp; &nbsp; &nbsp; &nbsp; &nbsp; &nbsp; &nbsp; &nbsp; &nbsp; &nbsp; &nbsp; &nbsp; &nbsp; &nbsp; &nbsp; &nbsp; &nbsp; &nbsp; &nbsp; &nbsp; Een geschenk van <a class=\"more-link\" href=\"https:\/\/debronvanlicht.nl\/index.php\/inwijdingen\/munay-ki\/\">Continue Reading \u2192<\/a><\/p>\n","protected":false},"author":2,"featured_media":0,"parent":2201,"menu_order":4,"comment_status":"closed","ping_status":"closed","template":"","meta":{"ngg_post_thumbnail":0,"footnotes":""},"class_list":["post-2216","page","type-page","status-publish","hentry"],"yoast_head":"<!-- This site is optimized with the Yoast SEO plugin v27.6 - https:\/\/yoast.com\/product\/yoast-seo-wordpress\/ -->\n<title>Munay Ki - Spiritueel Centrum &quot;De Bron van Licht&quot; V.o.f.<\/title>\n<meta name=\"robots\" content=\"index, follow, max-snippet:-1, max-image-preview:large, max-video-preview:-1\" \/>\n<link rel=\"canonical\" href=\"https:\/\/debronvanlicht.nl\/index.php\/inwijdingen\/munay-ki\/\" \/>\n<meta property=\"og:locale\" content=\"nl_NL\" \/>\n<meta property=\"og:type\" content=\"article\" \/>\n<meta property=\"og:title\" content=\"Munay Ki - Spiritueel Centrum &quot;De Bron van Licht&quot; V.o.f.\" \/>\n<meta property=\"og:description\" content=\"&nbsp; &nbsp; &nbsp; &nbsp; &nbsp; &nbsp; &nbsp; &nbsp; &nbsp; &nbsp; &nbsp; &nbsp; &nbsp; &nbsp; &nbsp; &nbsp; &nbsp; &nbsp; &nbsp; &nbsp; &nbsp; &nbsp; &nbsp; &nbsp; &nbsp; &nbsp; &nbsp; Een geschenk van Continue Reading \u2192\" \/>\n<meta property=\"og:url\" content=\"https:\/\/debronvanlicht.nl\/index.php\/inwijdingen\/munay-ki\/\" \/>\n<meta property=\"og:site_name\" content=\"Spiritueel Centrum &quot;De Bron van Licht&quot; V.o.f.\" \/>\n<meta property=\"article:publisher\" content=\"https:\/\/nl-nl.facebook.com\/debronvanlicht\" \/>\n<meta property=\"article:modified_time\" content=\"2026-01-05T09:10:02+00:00\" \/>\n<meta property=\"og:image\" content=\"https:\/\/debronvanlicht.nl\/wp-content\/uploads\/2017\/09\/ouero.png\" \/>\n\t<meta property=\"og:image:width\" content=\"275\" \/>\n\t<meta property=\"og:image:height\" content=\"183\" \/>\n\t<meta property=\"og:image:type\" content=\"image\/png\" \/>\n<meta name=\"twitter:label1\" content=\"Geschatte leestijd\" \/>\n\t<meta name=\"twitter:data1\" content=\"8 minuten\" \/>\n<script type=\"application\/ld+json\" class=\"yoast-schema-graph\">{\"@context\":\"https:\\\/\\\/schema.org\",\"@graph\":[{\"@type\":\"WebPage\",\"@id\":\"https:\\\/\\\/debronvanlicht.nl\\\/index.php\\\/inwijdingen\\\/munay-ki\\\/\",\"url\":\"https:\\\/\\\/debronvanlicht.nl\\\/index.php\\\/inwijdingen\\\/munay-ki\\\/\",\"name\":\"Munay Ki - Spiritueel Centrum &quot;De Bron van Licht&quot; V.o.f.\",\"isPartOf\":{\"@id\":\"https:\\\/\\\/debronvanlicht.nl\\\/#website\"},\"primaryImageOfPage\":{\"@id\":\"https:\\\/\\\/debronvanlicht.nl\\\/index.php\\\/inwijdingen\\\/munay-ki\\\/#primaryimage\"},\"image\":{\"@id\":\"https:\\\/\\\/debronvanlicht.nl\\\/index.php\\\/inwijdingen\\\/munay-ki\\\/#primaryimage\"},\"thumbnailUrl\":\"https:\\\/\\\/debronvanlicht.nl\\\/wp-content\\\/uploads\\\/2017\\\/09\\\/ouero.png\",\"datePublished\":\"2018-11-09T18:16:29+00:00\",\"dateModified\":\"2026-01-05T09:10:02+00:00\",\"breadcrumb\":{\"@id\":\"https:\\\/\\\/debronvanlicht.nl\\\/index.php\\\/inwijdingen\\\/munay-ki\\\/#breadcrumb\"},\"inLanguage\":\"nl-NL\",\"potentialAction\":[{\"@type\":\"ReadAction\",\"target\":[\"https:\\\/\\\/debronvanlicht.nl\\\/index.php\\\/inwijdingen\\\/munay-ki\\\/\"]}]},{\"@type\":\"ImageObject\",\"inLanguage\":\"nl-NL\",\"@id\":\"https:\\\/\\\/debronvanlicht.nl\\\/index.php\\\/inwijdingen\\\/munay-ki\\\/#primaryimage\",\"url\":\"https:\\\/\\\/debronvanlicht.nl\\\/wp-content\\\/uploads\\\/2017\\\/09\\\/ouero.png\",\"contentUrl\":\"https:\\\/\\\/debronvanlicht.nl\\\/wp-content\\\/uploads\\\/2017\\\/09\\\/ouero.png\",\"width\":275,\"height\":183},{\"@type\":\"BreadcrumbList\",\"@id\":\"https:\\\/\\\/debronvanlicht.nl\\\/index.php\\\/inwijdingen\\\/munay-ki\\\/#breadcrumb\",\"itemListElement\":[{\"@type\":\"ListItem\",\"position\":1,\"name\":\"Home\",\"item\":\"https:\\\/\\\/debronvanlicht.nl\\\/\"},{\"@type\":\"ListItem\",\"position\":2,\"name\":\"Inwijdingen\",\"item\":\"https:\\\/\\\/debronvanlicht.nl\\\/index.php\\\/inwijdingen\\\/\"},{\"@type\":\"ListItem\",\"position\":3,\"name\":\"Munay Ki\"}]},{\"@type\":\"WebSite\",\"@id\":\"https:\\\/\\\/debronvanlicht.nl\\\/#website\",\"url\":\"https:\\\/\\\/debronvanlicht.nl\\\/\",\"name\":\"De Bron van Licht\",\"description\":\"&quot;Praktijk voor alternatieve \\\/ spirituele geneeswijze&quot; Kersengaard 62 in Spijkenisse 0181639497\",\"potentialAction\":[{\"@type\":\"SearchAction\",\"target\":{\"@type\":\"EntryPoint\",\"urlTemplate\":\"https:\\\/\\\/debronvanlicht.nl\\\/?s={search_term_string}\"},\"query-input\":{\"@type\":\"PropertyValueSpecification\",\"valueRequired\":true,\"valueName\":\"search_term_string\"}}],\"inLanguage\":\"nl-NL\"}]}<\/script>\n<!-- \/ Yoast SEO plugin. -->","yoast_head_json":{"title":"Munay Ki - Spiritueel Centrum &quot;De Bron van Licht&quot; V.o.f.","robots":{"index":"index","follow":"follow","max-snippet":"max-snippet:-1","max-image-preview":"max-image-preview:large","max-video-preview":"max-video-preview:-1"},"canonical":"https:\/\/debronvanlicht.nl\/index.php\/inwijdingen\/munay-ki\/","og_locale":"nl_NL","og_type":"article","og_title":"Munay Ki - Spiritueel Centrum &quot;De Bron van Licht&quot; V.o.f.","og_description":"&nbsp; &nbsp; &nbsp; &nbsp; &nbsp; &nbsp; &nbsp; &nbsp; &nbsp; &nbsp; &nbsp; &nbsp; &nbsp; &nbsp; &nbsp; &nbsp; &nbsp; &nbsp; &nbsp; &nbsp; &nbsp; &nbsp; &nbsp; &nbsp; &nbsp; &nbsp; &nbsp; Een geschenk van Continue Reading \u2192","og_url":"https:\/\/debronvanlicht.nl\/index.php\/inwijdingen\/munay-ki\/","og_site_name":"Spiritueel Centrum &quot;De Bron van Licht&quot; V.o.f.","article_publisher":"https:\/\/nl-nl.facebook.com\/debronvanlicht","article_modified_time":"2026-01-05T09:10:02+00:00","og_image":[{"width":275,"height":183,"url":"https:\/\/debronvanlicht.nl\/wp-content\/uploads\/2017\/09\/ouero.png","type":"image\/png"}],"twitter_misc":{"Geschatte leestijd":"8 minuten"},"schema":{"@context":"https:\/\/schema.org","@graph":[{"@type":"WebPage","@id":"https:\/\/debronvanlicht.nl\/index.php\/inwijdingen\/munay-ki\/","url":"https:\/\/debronvanlicht.nl\/index.php\/inwijdingen\/munay-ki\/","name":"Munay Ki - Spiritueel Centrum &quot;De Bron van Licht&quot; V.o.f.","isPartOf":{"@id":"https:\/\/debronvanlicht.nl\/#website"},"primaryImageOfPage":{"@id":"https:\/\/debronvanlicht.nl\/index.php\/inwijdingen\/munay-ki\/#primaryimage"},"image":{"@id":"https:\/\/debronvanlicht.nl\/index.php\/inwijdingen\/munay-ki\/#primaryimage"},"thumbnailUrl":"https:\/\/debronvanlicht.nl\/wp-content\/uploads\/2017\/09\/ouero.png","datePublished":"2018-11-09T18:16:29+00:00","dateModified":"2026-01-05T09:10:02+00:00","breadcrumb":{"@id":"https:\/\/debronvanlicht.nl\/index.php\/inwijdingen\/munay-ki\/#breadcrumb"},"inLanguage":"nl-NL","potentialAction":[{"@type":"ReadAction","target":["https:\/\/debronvanlicht.nl\/index.php\/inwijdingen\/munay-ki\/"]}]},{"@type":"ImageObject","inLanguage":"nl-NL","@id":"https:\/\/debronvanlicht.nl\/index.php\/inwijdingen\/munay-ki\/#primaryimage","url":"https:\/\/debronvanlicht.nl\/wp-content\/uploads\/2017\/09\/ouero.png","contentUrl":"https:\/\/debronvanlicht.nl\/wp-content\/uploads\/2017\/09\/ouero.png","width":275,"height":183},{"@type":"BreadcrumbList","@id":"https:\/\/debronvanlicht.nl\/index.php\/inwijdingen\/munay-ki\/#breadcrumb","itemListElement":[{"@type":"ListItem","position":1,"name":"Home","item":"https:\/\/debronvanlicht.nl\/"},{"@type":"ListItem","position":2,"name":"Inwijdingen","item":"https:\/\/debronvanlicht.nl\/index.php\/inwijdingen\/"},{"@type":"ListItem","position":3,"name":"Munay Ki"}]},{"@type":"WebSite","@id":"https:\/\/debronvanlicht.nl\/#website","url":"https:\/\/debronvanlicht.nl\/","name":"De Bron van Licht","description":"&quot;Praktijk voor alternatieve \/ spirituele geneeswijze&quot; Kersengaard 62 in Spijkenisse 0181639497","potentialAction":[{"@type":"SearchAction","target":{"@type":"EntryPoint","urlTemplate":"https:\/\/debronvanlicht.nl\/?s={search_term_string}"},"query-input":{"@type":"PropertyValueSpecification","valueRequired":true,"valueName":"search_term_string"}}],"inLanguage":"nl-NL"}]}},"_links":{"self":[{"href":"https:\/\/debronvanlicht.nl\/index.php\/wp-json\/wp\/v2\/pages\/2216","targetHints":{"allow":["GET"]}}],"collection":[{"href":"https:\/\/debronvanlicht.nl\/index.php\/wp-json\/wp\/v2\/pages"}],"about":[{"href":"https:\/\/debronvanlicht.nl\/index.php\/wp-json\/wp\/v2\/types\/page"}],"author":[{"embeddable":true,"href":"https:\/\/debronvanlicht.nl\/index.php\/wp-json\/wp\/v2\/users\/2"}],"replies":[{"embeddable":true,"href":"https:\/\/debronvanlicht.nl\/index.php\/wp-json\/wp\/v2\/comments?post=2216"}],"version-history":[{"count":23,"href":"https:\/\/debronvanlicht.nl\/index.php\/wp-json\/wp\/v2\/pages\/2216\/revisions"}],"predecessor-version":[{"id":3954,"href":"https:\/\/debronvanlicht.nl\/index.php\/wp-json\/wp\/v2\/pages\/2216\/revisions\/3954"}],"up":[{"embeddable":true,"href":"https:\/\/debronvanlicht.nl\/index.php\/wp-json\/wp\/v2\/pages\/2201"}],"wp:attachment":[{"href":"https:\/\/debronvanlicht.nl\/index.php\/wp-json\/wp\/v2\/media?parent=2216"}],"curies":[{"name":"wp","href":"https:\/\/api.w.org\/{rel}","templated":true}]}}